 11284?
2, 7, 13, 31
List the prime factors of 3728.
2, 233
What are the prime factors of 713?
23, 31
What are the prime factors of 101875?
5, 163
What are the prime factors of 859?
859
List the prime factors of 12052.
2, 23, 131
List the prime factors of 1029.
3, 7
List the prime factors of 6143.
6143
What are the prime factors of 34320?
2, 3, 5, 11, 13
What are the prime factors of 6932?
2, 1733
List the prime factors of 1655.
5, 331
What are the prime factors of 22221?
3, 823
List the prime factors of 16662.
2, 3, 2777
List the prime factors of 1795.
5, 359
What are the prime factors of 4319?
7, 617
What are the prime factors of 68121?
3, 29
What are the prime factors of 53668?
2, 13417
What are the prime factors of 423?
3, 47
What are the prime factors of 886?
2, 443
What are the prime factors of 3323?
3323
List the prime factors of 9325.
5, 373
List the prime factors of 4411.
11, 401
What are the prime factors of 4672?
2, 73
List the prime factors of 779.
19, 41
What are the prime factors of 35539?
7, 5077
What are the prime factors of 14366?
2, 11, 653
List the prime factors of 15196.
2, 29, 131
What are the prime factors of 18366?
2, 3, 3061
What are the prime factors of 12289?
12289
List the prime factors of 55720.
2, 5, 7, 199
What are the prime factors of 44287?
67, 661
What are the prime factors of 69523?
37, 1879
List the prime factors of 2190.
2, 3, 5, 73
What are the prime factors of 3147?
3, 1049
What are the prime factors of 7806?
2, 3, 1301
What are the prime factors of 6060?
2, 3, 5, 101
What are the prime factors of 51807?
3, 7, 2467
List the prime factors of 35370.
2, 3, 5, 131
List the prime factors of 41393.
11, 53, 71
List the prime factors of 22584.
2, 3, 941
What are the prime factors of 1501?
19, 79
List the prime factors of 430.
2, 5, 43
List the prime factors of 9543.
3, 3181
List the prime factors of 238.
2, 7, 17
List the prime factors of 13135.
5, 37, 71
What are the prime factors of 80425?
5, 3217
What are the prime factors of 2003?
2003
What are the prime factors of 2039?
2039
List the prime factors of 2392.
2, 13, 23
List the prime factors of 7298.
2, 41, 89
What are the prime factors of 30963?
3, 10321
What are the prime factors of 1943?
29, 67
List the prime factors of 66088.
2, 11, 751
What are the prime factors of 27509?
27509
What are the prime factors of 609?
3, 7, 29
List the prime factors of 15305.
5, 3061
List the prime factors of 1623.
3, 541
What are the prime factors of 3490?
2, 5, 349
List the prime factors of 834.
2, 3, 139
List the prime factors of 1896.
2, 3, 79
What are the prime factors of 21845?
5, 17, 257
List the prime factors of 1054.
2, 17, 31
What are the prime factors of 33035?
5, 6607
List the prime factors of 8146.
2, 4073
What are the prime factors of 4981?
17, 293
List the prime factors of 72143.
19, 3797
What are the prime factors of 56344?
2, 7043
What are the prime factors of 11524?
2, 43, 67
List the prime factors of 1186.
2, 593
List the prime factors of 645.
3, 5, 43
List the prime factors of 9158.
2, 19, 241
What are the prime factors of 9615?
3, 5, 641
What are the prime factors of 1185?
3, 5, 79
What are the prime factors of 93929?
11, 8539
List the prime factors of 30630.
2, 3, 5, 1021
What are the prime factors of 12079?
47, 257
List the prime factors of 3312.
2, 3, 23
List the prime factors of 3504.
2, 3, 73
List the prime factors of 22002.
2, 3, 19, 193
List the prime factors of 22807.
22807
List the prime factors of 1543.
1543
What are the prime factors of 2382?
2, 3, 397
What are the prime factors of 2537?
43, 59
List the prime factors of 1094.
2, 547
List the prime factors of 268.
2, 67
List the prime factors of 13162.
2, 6581
What are the prime factors of 11460?
2, 3, 5, 191
List the prime factors of 52308.
2, 3, 1453
What are the prime factors of 1216?
2, 19
What are the prime factors of 8682?
2, 3, 1447
What are the prime factors of 11624?
2, 1453
What are the prime factors of 2010?
2, 3, 5, 67
List the prime factors of 6607.
6607
What are the prime factors of 19760?
2, 5, 13, 19
What are the prime factors of 440?
2, 5, 11
List the prime factors of 16654.
2, 11, 757
List the prime factors of 8673.
3, 7, 59
List the prime factors of 63448.
2, 7, 11, 103
List the prime factors of 23096.
2, 2887
What are the prime factors of 4695?
3, 5, 313
List the prime factors of 3298.
2, 17, 97
What are the prime factors of 24737?
29, 853
What are the prime factors of 165?
3, 5, 11
List the prime factors of 23918.
2, 11959
What are the prime factors of 20922?
2, 3, 11, 317
List the prime factors of 16382.
2, 8191
What are the prime factors of 3055?
5, 13, 47
List the prime factors of 4730.
2, 5, 11, 43
What are the prime factors of 5113?
5113
What are the prime factors of 4339?
4339
What are the prime factors of 12354?
2, 3, 29, 71
List the prime factors of 837.
3, 31
List the prime factors of 717.
3, 239
List the prime factors of 19404.
2, 3, 7, 11
List the prime factors of 61809.
3, 11, 1873
List the prime factors of 4069.
13, 313
What are the prime factors of 25?
5
What are the prime factors of 47379?
3, 17, 929
What are the prime factors of 7084?
2, 7, 11, 23
List the prime factors of 28641.
3, 9547
List the prime factors of 657.
3, 73
What are the prime factors of 28956?
2, 3, 19, 127
What are the prime factors of 22067?
22067
List the prime factors of 3931.
3931
What are the prime factors of 922?
2, 461
What are the prime factors of 3326?
2, 1663
What are the prime factors of 1695?
3, 5, 113
List the prime factors of 123859.
29, 4271
What are the prime factors of 4030?
2, 5, 13, 31
List the prime factors of 2954.
2, 7, 211
List the prime factors of 4863.
3, 1621
List the prime factors of 2756.
2, 13, 53
What are the prime factors of 5484?
2, 3, 457
What are the prime factors of 475?
5, 19
List the prime factors of 7065.
3, 5, 157
What are the prime factors of 8657?
11, 787
List the prime factors of 1981.
7, 283
List the prime factors of 43504.
2, 2719
What are the prime factors of 22958?
2, 13, 883
List the prime factors of 11339.
17, 23, 29
What are the prime factors of 62446?
2, 31223
What are the prime factors of 6869?
6869
What are the prime factors of 86?
2, 43
List the prime factors of 424.
2, 53
What are the prime factors of 9119?
11, 829
What are the prime factors of 1749?
3, 11, 53
What are the prime factors of 13915?
5, 11, 23
What are the prime factors of 14508?
2, 3, 13, 31
List the prime factors of 2957.
2957
What are the prime factors of 951?
3, 317
List the prime factors of 3616.
2, 113
What are the prime factors of 13702?
2, 13, 17, 31
What are the prime factors of 448?
2, 7
What are the prime factors of 842?
2, 421
What are the prime factors of 17568?
2, 3, 61
What are the prime factors of 11295?
3, 5, 251
List the prime factors of 1557.
3, 173
What are the prime factors of 967?
967
List the prime factors of 621.
3, 23
What are the prime factors of 7071?
3, 2357
What are the prime factors of 18305?
5, 7, 523
What are the prime factors of 7804?
2, 1951
List the prime factors of 1118.
2, 13, 43
List the prime factors of 4294.
2, 19, 113
What are the prime factors of 13824?
2, 3
What are the prime factors of 280?
2, 5, 7
List the prime factors of 157127.
157127
What are the prime factors of 3298?
2, 17, 97
What are the prime factors of 11006?
2, 5503
What are the prime factors of 1376?
2, 43
What are the prime factors of 7495?
5, 1499
List the prime factors of 1187.
1187
What are the prime factors of 4234?
2, 29, 73
What are the prime factors of 131908?
2, 7, 673
What are the prime factors of 1567?
1567
List the prime factors of 11886.
2, 3, 7, 283
What are the prime factors of 3976?
2, 7, 71
List the prime factors of 663.
3, 13, 17
What are the prime factors of 1092?
2, 3, 7, 13
List the prime factors of 4334.
2, 11, 197
What are the prime factors of 1995?
3, 5, 7, 19
What are the prime factors of 10878?
2, 3, 7, 37
List the prime factors of 62.
2, 31
List the prime factors of 1878.
2, 3, 313
What are the prime factors of 74902?
2, 17, 2203
List the prime factors of 880.
2, 5, 11
What are the prime factors of 1869?
3, 7, 89
List the prime factors of 7533.
3, 31
List the prime factors of 27.
3
What are the prime factors of 3515?
5, 19, 37
What are the pr